{"id":8,"date":"2025-11-25T15:43:46","date_gmt":"2025-11-25T15:43:46","guid":{"rendered":"https:\/\/roman-mithras.hu\/?page_id=8"},"modified":"2025-11-28T12:08:34","modified_gmt":"2025-11-28T12:08:34","slug":"projects","status":"publish","type":"page","link":"https:\/\/roman-mithras.hu\/?page_id=8","title":{"rendered":"PROJECT"},"content":{"rendered":"\t\t<div data-elementor-type=\"wp-page\" data-elementor-id=\"8\" class=\"elementor elementor-8\">\n\t\t\t\t<div class=\"elementor-element elementor-element-1453011 animated-slow e-flex e-con-boxed elementor-invisible e-con e-parent\" data-id=\"1453011\" data-element_type=\"container\" data-e-type=\"container\" data-settings=\"{&quot;animation&quot;:&quot;fadeIn&quot;}\">\n\t\t\t\t\t<div class=\"e-con-inner\">\n\t\t<div class=\"elementor-element elementor-element-a9b5c85 e-con-full e-flex e-con e-child\" data-id=\"a9b5c85\" data-element_type=\"container\" data-e-type=\"container\">\n\t\t\t\t<div class=\"elementor-element elementor-element-b7cbec1 elementor-widget elementor-widget-image\" data-id=\"b7cbec1\" data-element_type=\"widget\" data-e-type=\"widget\" data-widget_type=\"image.default\">\n\t\t\t\t\t\t\t\t\t\t\t\t\t\t\t<img fetchpriority=\"high\" decoding=\"async\" width=\"843\" height=\"843\" src=\"https:\/\/roman-mithras.hu\/wp-content\/uploads\/2025\/11\/1-full-1024x1024.png\" class=\"attachment-large size-large wp-image-305\" alt=\"\" srcset=\"https:\/\/roman-mithras.hu\/wp-content\/uploads\/2025\/11\/1-full-1024x1024.png 1024w, https:\/\/roman-mithras.hu\/wp-content\/uploads\/2025\/11\/1-full-300x300.png 300w, https:\/\/roman-mithras.hu\/wp-content\/uploads\/2025\/11\/1-full-150x150.png 150w, https:\/\/roman-mithras.hu\/wp-content\/uploads\/2025\/11\/1-full-768x768.png 768w, https:\/\/roman-mithras.hu\/wp-content\/uploads\/2025\/11\/1-full.png 1080w\" sizes=\"(max-width: 843px) 100vw, 843px\" \/>\t\t\t\t\t\t\t\t\t\t\t\t\t\t\t<\/div>\n\t\t\t\t<\/div>\n\t\t<div class=\"elementor-element elementor-element-ddce698 e-con-full e-flex e-con e-child\" data-id=\"ddce698\" data-element_type=\"container\" data-e-type=\"container\">\n\t\t\t\t<div class=\"elementor-element elementor-element-dad56d6 elementor-widget elementor-widget-heading\" data-id=\"dad56d6\" data-element_type=\"widget\" data-e-type=\"widget\" data-widget_type=\"heading.default\">\n\t\t\t\t\t<h2 class=\"elementor-heading-title elementor-size-default\"><span style=\"font-size: 33.6px\">Aims and methods<\/span><\/h2>\t\t\t\t<\/div>\n\t\t\t\t<div class=\"elementor-element elementor-element-4d95629 elementor-widget elementor-widget-text-editor\" data-id=\"4d95629\" data-element_type=\"widget\" data-e-type=\"widget\" data-widget_type=\"text-editor.default\">\n\t\t\t\t\t\t\t\t\t<p><span style=\"background-color: rgba(249, 249, 249, 0);\">The rich archaeological, epigraphic, and figurative remains of the Roman cult of Mithras are among the most spectacular exhibits in the museums and archaeological parks of Central and Eastern Europe. At the same time, the cult was also one of the defining, empire-shaping phenomena of religious life in the Roman Empire, whose influence can still be clearly seen in its Renaissance and contemporary afterlife.\u00a0<\/span><\/p><p><span style=\"background-color: rgba(249, 249, 249, 0);\">The project entitled <em>\u201c<\/em><\/span><em style=\"background-color: rgba(249, 249, 249, 0);\">REMITHRA: reinventing Roman Mithras. Materiality and appropriations of a Roman cult in Central-Eastern Europe<\/em><span style=\"background-color: rgba(249, 249, 249, 0);\"><em>\u201d<\/em> aims to map and digitize the entire Mithraic epigraphic, figurative, and archaeological material of the middle and lower Danube provinces (Pannonia Superior, Pannonia Inferior, Moesia Superior, Moesia Inferior and Dacia) using contemporary tools, to examine the glocal characteristics of the cult&#8217;s ancient social mobility and living religious aspects, its reception history during the Renaissance and European Enlightment, its impact on contemporary museology and modern, neo-pagan religious movements and popcultural phenomena.<\/span><\/p>\t\t\t\t\t\t\t\t<\/div>\n\t\t\t\t<div class=\"elementor-element elementor-element-b2c2103 elementor-align-right elementor-widget elementor-widget-button\" data-id=\"b2c2103\" data-element_type=\"widget\" data-e-type=\"widget\" data-widget_type=\"button.default\">\n\t\t\t\t\t\t\t\t\t\t<a class=\"elementor-button elementor-button-link elementor-size-sm\" href=\"https:\/\/roman-mithras.hu\/?page_id=295\">\n\t\t\t\t\t\t<span class=\"elementor-button-content-wrapper\">\n\t\t\t\t\t\t\t\t\t<span class=\"elementor-button-text\">Read more<\/span>\n\t\t\t\t\t<\/span>\n\t\t\t\t\t<\/a>\n\t\t\t\t\t\t\t\t<\/div>\n\t\t\t\t<\/div>\n\t\t\t\t\t<\/div>\n\t\t\t\t<\/div>\n\t\t<div class=\"elementor-element elementor-element-ed5b16e e-flex e-con-boxed e-con e-parent\" data-id=\"ed5b16e\" data-element_type=\"container\" data-e-type=\"container\">\n\t\t\t\t\t<div class=\"e-con-inner\">\n\t\t\t\t<div class=\"elementor-element elementor-element-d5e45be elementor-widget elementor-widget-spacer\" data-id=\"d5e45be\" data-element_type=\"widget\" data-e-type=\"widget\" data-widget_type=\"spacer.default\">\n\t\t\t\t\t\t\t<div class=\"elementor-spacer\">\n\t\t\t<div class=\"elementor-spacer-inner\"><\/div>\n\t\t<\/div>\n\t\t\t\t\t\t<\/div>\n\t\t\t\t\t<\/div>\n\t\t\t\t<\/div>\n\t\t<div class=\"elementor-element elementor-element-5d37ada e-con-full animated-slow e-flex elementor-invisible e-con e-parent\" data-id=\"5d37ada\" data-element_type=\"container\" data-e-type=\"container\" data-settings=\"{&quot;background_background&quot;:&quot;classic&quot;,&quot;animation&quot;:&quot;fadeIn&quot;}\">\n\t\t<div class=\"elementor-element elementor-element-d88c683 e-con-full e-flex e-con e-child\" data-id=\"d88c683\" data-element_type=\"container\" data-e-type=\"container\">\n\t\t\t\t<div class=\"elementor-element elementor-element-52d7968 elementor-widget elementor-widget-heading\" data-id=\"52d7968\" data-element_type=\"widget\" data-e-type=\"widget\" data-widget_type=\"heading.default\">\n\t\t\t\t\t<h2 class=\"elementor-heading-title elementor-size-default\">Research background<\/h2>\t\t\t\t<\/div>\n\t\t\t\t<div class=\"elementor-element elementor-element-3336fe6 elementor-widget elementor-widget-text-editor\" data-id=\"3336fe6\" data-element_type=\"widget\" data-e-type=\"widget\" data-widget_type=\"text-editor.default\">\n\t\t\t\t\t\t\t\t\t<p><span style=\"background-color: rgba(249, 249, 249, 0);\">Research into the Roman cult of Mithras and its material sources in Central and Eastern Europe dates back nearly a two hundred years. Several modern authors stand out in this field, including P\u00e1l Kir\u00e1ly, B\u00e1lint Kuzsinszky, Mihovil Abrami\u0107, Istv\u00e1n T\u00f3th, Clo\u0219ca B\u0103lu\u021b\u0103, as well as several internationally renowned researchers, such as Franz V. Cumont, Maarten J. Vermaseren, and Ale\u0161 Chalupa. The last systematic summary of regional sources on the cult was published in 1960 in Vermaseren&#8217;s paradigmatic catalog (CIMRM II.). In the nearly seven decades since then, numerous new shrines have been discovered and new methodological theories have emerged in the history of research on Mithras and Roman religion, requiring a reinterpretation of local sources, their modern collection, and analysis within a broader religious studies framework.\u00a0<\/span><\/p><p>The project leader, the permanent members, and collaborating researchers of the project have published numerous volumes and studies on the cult of Mithras, its reception history, and the phenomenon of religious glocalism in the Danube region over the past 15 years, which has laid the methodological foundations for the research group.<\/p>\t\t\t\t\t\t\t\t<\/div>\n\t\t\t\t<\/div>\n\t\t<div class=\"elementor-element elementor-element-19174d3 e-con-full e-flex e-con e-child\" data-id=\"19174d3\" data-element_type=\"container\" data-e-type=\"container\">\n\t\t\t\t<div class=\"elementor-element elementor-element-66ab57a elementor-widget elementor-widget-image\" data-id=\"66ab57a\" data-element_type=\"widget\" data-e-type=\"widget\" data-widget_type=\"image.default\">\n\t\t\t\t\t\t\t\t\t\t\t\t\t\t\t<img decoding=\"async\" width=\"843\" height=\"843\" src=\"https:\/\/roman-mithras.hu\/wp-content\/uploads\/2025\/11\/2-1024x1024.png\" class=\"attachment-large size-large wp-image-287\" alt=\"\" srcset=\"https:\/\/roman-mithras.hu\/wp-content\/uploads\/2025\/11\/2-1024x1024.png 1024w, https:\/\/roman-mithras.hu\/wp-content\/uploads\/2025\/11\/2-300x300.png 300w, https:\/\/roman-mithras.hu\/wp-content\/uploads\/2025\/11\/2-150x150.png 150w, https:\/\/roman-mithras.hu\/wp-content\/uploads\/2025\/11\/2-768x768.png 768w, https:\/\/roman-mithras.hu\/wp-content\/uploads\/2025\/11\/2.png 1080w\" sizes=\"(max-width: 843px) 100vw, 843px\" \/>\t\t\t\t\t\t\t\t\t\t\t\t\t\t\t<\/div>\n\t\t\t\t<\/div>\n\t\t\t\t<\/div>\n\t\t<div class=\"elementor-element elementor-element-b54f74e e-flex e-con-boxed e-con e-parent\" data-id=\"b54f74e\" data-element_type=\"container\" data-e-type=\"container\">\n\t\t\t\t\t<div class=\"e-con-inner\">\n\t\t\t\t<div class=\"elementor-element elementor-element-f463e20 elementor-widget elementor-widget-spacer\" data-id=\"f463e20\" data-element_type=\"widget\" data-e-type=\"widget\" data-widget_type=\"spacer.default\">\n\t\t\t\t\t\t\t<div class=\"elementor-spacer\">\n\t\t\t<div class=\"elementor-spacer-inner\"><\/div>\n\t\t<\/div>\n\t\t\t\t\t\t<\/div>\n\t\t\t\t\t<\/div>\n\t\t\t\t<\/div>\n\t\t<div class=\"elementor-element elementor-element-a9863cd animated-slow e-flex e-con-boxed elementor-invisible e-con e-parent\" data-id=\"a9863cd\" data-element_type=\"container\" data-e-type=\"container\" data-settings=\"{&quot;animation&quot;:&quot;fadeIn&quot;}\">\n\t\t\t\t\t<div class=\"e-con-inner\">\n\t\t<div class=\"elementor-element elementor-element-60697fa e-con-full e-flex e-con e-child\" data-id=\"60697fa\" data-element_type=\"container\" data-e-type=\"container\">\n\t\t\t\t<div class=\"elementor-element elementor-element-0878084 elementor-widget elementor-widget-image\" data-id=\"0878084\" data-element_type=\"widget\" data-e-type=\"widget\" data-widget_type=\"image.default\">\n\t\t\t\t\t\t\t\t\t\t\t\t\t\t\t<img decoding=\"async\" width=\"843\" height=\"628\" src=\"https:\/\/roman-mithras.hu\/wp-content\/uploads\/2025\/11\/tabla.jpg\" class=\"attachment-large size-large wp-image-349\" alt=\"\" srcset=\"https:\/\/roman-mithras.hu\/wp-content\/uploads\/2025\/11\/tabla.jpg 872w, https:\/\/roman-mithras.hu\/wp-content\/uploads\/2025\/11\/tabla-300x224.jpg 300w, https:\/\/roman-mithras.hu\/wp-content\/uploads\/2025\/11\/tabla-768x572.jpg 768w\" sizes=\"(max-width: 843px) 100vw, 843px\" \/>\t\t\t\t\t\t\t\t\t\t\t\t\t\t\t<\/div>\n\t\t\t\t<\/div>\n\t\t<div class=\"elementor-element elementor-element-ae6ec0c e-con-full e-flex e-con e-child\" data-id=\"ae6ec0c\" data-element_type=\"container\" data-e-type=\"container\">\n\t\t\t\t<div class=\"elementor-element elementor-element-5ea10e8 elementor-widget elementor-widget-heading\" data-id=\"5ea10e8\" data-element_type=\"widget\" data-e-type=\"widget\" data-widget_type=\"heading.default\">\n\t\t\t\t\t<h2 class=\"elementor-heading-title elementor-size-default\">Research fields<\/h2>\t\t\t\t<\/div>\n\t\t\t\t<div class=\"elementor-element elementor-element-c71278d elementor-widget elementor-widget-text-editor\" data-id=\"c71278d\" data-element_type=\"widget\" data-e-type=\"widget\" data-widget_type=\"text-editor.default\">\n\t\t\t\t\t\t\t\t\t<p>The project explores the cult of Mithras through four interconnected research fields. It will first document and reinterpret all Mithraic monuments from the Danubian provinces \u2013 including the newly discovered Mithraeum VI at Aquincum \u2013 in an open-access digital database. It will then examine the cult\u2019s social history and religious \u201cglocalism\u201d using epigraphic, archaeological, iconographic and literary sources with network analysis and data visualisation. A third strand reconstructs the pre-Cumont reception of Mithras in Renaissance and early modern texts, creating the first comprehensive, data-driven bibliography of Mithras. Finally, the project investigates how Mithras is reimagined today in popular culture, art, religion, public archaeology and museums, including the creation of a Virtual Mithraeum and open-access educational materials.<\/p>\t\t\t\t\t\t\t\t<\/div>\n\t\t\t\t<div class=\"elementor-element elementor-element-7d05e47 elementor-align-right elementor-widget elementor-widget-button\" data-id=\"7d05e47\" data-element_type=\"widget\" data-e-type=\"widget\" data-widget_type=\"button.default\">\n\t\t\t\t\t\t\t\t\t\t<a class=\"elementor-button elementor-button-link elementor-size-sm\" href=\"https:\/\/roman-mithras.hu\/?page_id=362\">\n\t\t\t\t\t\t<span class=\"elementor-button-content-wrapper\">\n\t\t\t\t\t\t\t\t\t<span class=\"elementor-button-text\">Read more<\/span>\n\t\t\t\t\t<\/span>\n\t\t\t\t\t<\/a>\n\t\t\t\t\t\t\t\t<\/div>\n\t\t\t\t<\/div>\n\t\t\t\t\t<\/div>\n\t\t\t\t<\/div>\n\t\t\t\t<\/div>\n\t\t","protected":false},"excerpt":{"rendered":"<p>Aims and methods The rich archaeological, epigraphic, and figurative remains of the Roman cult of Mithras are among the most spectacular exhibits in the museums&hellip;<\/p>\n","protected":false},"author":1,"featured_media":0,"parent":0,"menu_order":0,"comment_status":"closed","ping_status":"closed","template":"elementor_header_footer","meta":{"footnotes":""},"class_list":["post-8","page","type-page","status-publish","hentry"],"_links":{"self":[{"href":"https:\/\/roman-mithras.hu\/index.php?rest_route=\/wp\/v2\/pages\/8","targetHints":{"allow":["GET"]}}],"collection":[{"href":"https:\/\/roman-mithras.hu\/index.php?rest_route=\/wp\/v2\/pages"}],"about":[{"href":"https:\/\/roman-mithras.hu\/index.php?rest_route=\/wp\/v2\/types\/page"}],"author":[{"embeddable":true,"href":"https:\/\/roman-mithras.hu\/index.php?rest_route=\/wp\/v2\/users\/1"}],"replies":[{"embeddable":true,"href":"https:\/\/roman-mithras.hu\/index.php?rest_route=%2Fwp%2Fv2%2Fcomments&post=8"}],"version-history":[{"count":110,"href":"https:\/\/roman-mithras.hu\/index.php?rest_route=\/wp\/v2\/pages\/8\/revisions"}],"predecessor-version":[{"id":369,"href":"https:\/\/roman-mithras.hu\/index.php?rest_route=\/wp\/v2\/pages\/8\/revisions\/369"}],"wp:attachment":[{"href":"https:\/\/roman-mithras.hu\/index.php?rest_route=%2Fwp%2Fv2%2Fmedia&parent=8"}],"curies":[{"name":"wp","href":"https:\/\/api.w.org\/{rel}","templated":true}]}}